{"id":15,"date":"2013-02-13T16:54:49","date_gmt":"2013-02-13T16:54:49","guid":{"rendered":"http:\/\/multimedia.uoc.edu\/blogs\/dg\/?page_id=15"},"modified":"2019-02-28T10:29:32","modified_gmt":"2019-02-28T10:29:32","slug":"miscel%c2%b7lania","status":"publish","type":"page","link":"http:\/\/multimedia.uoc.edu\/blogs\/dg\/es\/miscel%c2%b7lania\/","title":{"rendered":"Miscel\u00e1nea"},"content":{"rendered":"<p><img loading=\"lazy\" decoding=\"async\" class=\"alignnone wp-image-1088\" src=\"http:\/\/multimedia.uoc.edu\/blogs\/dg\/files\/2019\/02\/cover_miscelanea.jpg\" alt=\"\" width=\"565\" height=\"241\" \/><\/p>\n<p>Referencias a asociaciones del mundo del dise\u00f1o y recursos en relaci\u00f3n a diferentes tem\u00e1ticas.<\/p>\n<h1><strong>Plataformas y asociaciones.<\/strong><\/h1>\n<p><a href=\"https:\/\/www.dissenygrafic.org\/es\/jovenes-profesionales\/tengo-un-titulo-y-ahora-que\/\" target=\"_blank\" rel=\"noopener\"><strong>JPE * dom<\/strong><\/a> J\u00f3venes profesionales y escuelas Una plataforma de ayuda y soporte para todos los nuevos profesionales, que nos permita articular nuevos discursos en torno al dise\u00f1o gr\u00e1fico.<\/p>\n<p><a href=\"http:\/\/www.dissenygrafic.org\/\" target=\"_blank\" rel=\"noopener\"><strong>COL\u00b7LEGI OFICIAL DISSENY GR\u00c0FIC DE CATALUNYA.<\/strong><\/a><\/p>\n<p><strong><a href=\"http:\/\/www.designread.es\/\" target=\"_blank\" rel=\"noopener\">READ.<\/a>Red Oficial de Asociaciones de Dise\u00f1o de Espa\u00f1a.\u00a0<\/strong><\/p>\n<p><strong><a href=\"http:\/\/www.fad.cat\/\" target=\"_blank\" rel=\"noopener\">FAD.<\/a> Foment de les Arts i del disseny.<\/strong>\u00a0(Asociaci\u00f3n)<\/p>\n<p><strong><a href=\"https:\/\/www.adg-fad.org\/\" target=\"_blank\" rel=\"noopener\">ADG-FAD<\/a>. Asociaci\u00f3n de Directores de Arte y Dise\u00f1adores Gr\u00e1ficos del FAD.<\/strong><\/p>\n<p><strong><a href=\"https:\/\/www.esne.es\/\" target=\"_blank\" rel=\"noopener\">ESNE: Escuela Universitaria de Dise\u00f1o y Tecnolog\u00eda<\/a>.<\/strong><\/p>\n<p><strong><a href=\"http:\/\/www.clubdecreativos.com\" target=\"_blank\" rel=\"noopener\">Club de creativos<\/a>.\u00a0<\/strong><\/p>\n<hr \/>\n<h1><strong>Tem\u00e1ticas.<\/strong><\/h1>\n<h3><strong>GESTALT.<\/strong><\/h3>\n<ul>\n<li><a href=\"http:\/\/www.youtube.com\/watch?v=aXa8s9R7-24&amp;feature=youtu.be\" target=\"_blank\" rel=\"noopener\">Aqu\u00ed<\/a> ten\u00e9is un enlace a una animaci\u00f3n, fusi\u00f3n de <strong>Walt Disney y Salvador Dal\u00ed<\/strong>, que incluye muchos ejemplos del uso de los principios de la Gestalt<\/li>\n<\/ul>\n<h3><strong>PROPORCI\u00d3N \u00c1UREA.<\/strong><\/h3>\n<ul>\n<li><a title=\"Proporci\u00f3n aurea\" href=\"http:\/\/www.youtube.com\/watch?v=d_7I-uqz_ic\" target=\"_blank\" rel=\"noopener\">La Proporci\u00f3n \u00c1urea | Documental Redes Eduard Punset<\/a><\/li>\n<\/ul>\n<h3><strong>ESTRUCTURACI\u00d3N Y MODULACI\u00d3N GR\u00c1FICA.<\/strong><\/h3>\n<ul>\n<li><a href=\"https:\/\/www.canva.com\/learn\/best-email-designs\/\" target=\"_blank\" rel=\"noopener\">Ejemplos interesantes de Newsletters<\/a><\/li>\n<\/ul>\n<p><\/p>","protected":false},"excerpt":{"rendered":"<p>Referencias a asociaciones del mundo del dise\u00f1o y recursos en relaci\u00f3n a diferentes tem\u00e1ticas. Plataformas y asociaciones. JPE * dom J\u00f3venes profesionales y escuelas Una plataforma de ayuda y soporte para todos los nuevos profesionales, que nos permita articular nuevos discursos en torno al dise\u00f1o gr\u00e1fico. COL\u00b7LEGI OFICIAL DISSENY GR\u00c0FIC DE CATALUNYA. READ.Red Oficial de [&hellip;]<\/p>\n","protected":false},"author":8,"featured_media":1088,"parent":0,"menu_order":0,"comment_status":"closed","ping_status":"closed","template":"plantilla-pagina.php","meta":{"footnotes":""},"tags":[],"class_list":["post-15","page","type-page","status-publish","has-post-thumbnail","hentry"],"_links":{"self":[{"href":"http:\/\/multimedia.uoc.edu\/blogs\/dg\/es\/wp-json\/wp\/v2\/pages\/15","targetHints":{"allow":["GET"]}}],"collection":[{"href":"http:\/\/multimedia.uoc.edu\/blogs\/dg\/es\/wp-json\/wp\/v2\/pages"}],"about":[{"href":"http:\/\/multimedia.uoc.edu\/blogs\/dg\/es\/wp-json\/wp\/v2\/types\/page"}],"author":[{"embeddable":true,"href":"http:\/\/multimedia.uoc.edu\/blogs\/dg\/es\/wp-json\/wp\/v2\/users\/8"}],"replies":[{"embeddable":true,"href":"http:\/\/multimedia.uoc.edu\/blogs\/dg\/es\/wp-json\/wp\/v2\/comments?post=15"}],"version-history":[{"count":28,"href":"http:\/\/multimedia.uoc.edu\/blogs\/dg\/es\/wp-json\/wp\/v2\/pages\/15\/revisions"}],"predecessor-version":[{"id":1146,"href":"http:\/\/multimedia.uoc.edu\/blogs\/dg\/es\/wp-json\/wp\/v2\/pages\/15\/revisions\/1146"}],"wp:featuredmedia":[{"embeddable":true,"href":"http:\/\/multimedia.uoc.edu\/blogs\/dg\/es\/wp-json\/wp\/v2\/media\/1088"}],"wp:attachment":[{"href":"http:\/\/multimedia.uoc.edu\/blogs\/dg\/es\/wp-json\/wp\/v2\/media?parent=15"}],"wp:term":[{"taxonomy":"post_tag","embeddable":true,"href":"http:\/\/multimedia.uoc.edu\/blogs\/dg\/es\/wp-json\/wp\/v2\/tags?post=15"}],"curies":[{"name":"wp","href":"https:\/\/api.w.org\/{rel}","templated":true}]}}

Miscelánea

<p><img loading="lazy" decoding="async" class="alignnone wp-image-1088" src="http://multimedia.uoc.edu/blogs/dg/files/2019/02/cover_miscelanea.jpg" alt="" width="565" height="241" /></p>
<p>Referencias a asociaciones del mundo del diseño y recursos en relación a diferentes temáticas.</p>
<h1><strong>Plataformas y asociaciones.</strong></h1>
<p><a href="https://www.dissenygrafic.org/es/jovenes-profesionales/tengo-un-titulo-y-ahora-que/" target="_blank" rel="noopener"><strong>JPE * dom</strong></a> Jóvenes profesionales y escuelas Una plataforma de ayuda y soporte para todos los nuevos profesionales, que nos permita articular nuevos discursos en torno al diseño gráfico.</p>
<p><a href="http://www.dissenygrafic.org/" target="_blank" rel="noopener"><strong>COL·LEGI OFICIAL DISSENY GRÀFIC DE CATALUNYA.</strong></a></p>
<p><strong><a href="http://www.designread.es/" target="_blank" rel="noopener">READ.</a>Red Oficial de Asociaciones de Diseño de España. </strong></p>
<p><strong><a href="http://www.fad.cat/" target="_blank" rel="noopener">FAD.</a> Foment de les Arts i del disseny.</strong> (Asociación)</p>
<p><strong><a href="https://www.adg-fad.org/" target="_blank" rel="noopener">ADG-FAD</a>. Asociación de Directores de Arte y Diseñadores Gráficos del FAD.</strong></p>
<p><strong><a href="https://www.esne.es/" target="_blank" rel="noopener">ESNE: Escuela Universitaria de Diseño y Tecnología</a>.</strong></p>
<p><strong><a href="http://www.clubdecreativos.com" target="_blank" rel="noopener">Club de creativos</a>. </strong></p>
<hr />
<h1><strong>Temáticas.</strong></h1>
<h3><strong>GESTALT.</strong></h3>
<ul>
<li><a href="http://www.youtube.com/watch?v=aXa8s9R7-24&amp;feature=youtu.be" target="_blank" rel="noopener">Aquí</a> tenéis un enlace a una animación, fusión de <strong>Walt Disney y Salvador Dalí</strong>, que incluye muchos ejemplos del uso de los principios de la Gestalt</li>
</ul>
<h3><strong>PROPORCIÓN ÁUREA.</strong></h3>
<ul>
<li><a title="Proporción aurea" href="http://www.youtube.com/watch?v=d_7I-uqz_ic" target="_blank" rel="noopener">La Proporción Áurea | Documental Redes Eduard Punset</a></li>
</ul>
<h3><strong>ESTRUCTURACIÓN Y MODULACIÓN GRÁFICA.</strong></h3>
<ul>
<li><a href="https://www.canva.com/learn/best-email-designs/" target="_blank" rel="noopener">Ejemplos interesantes de Newsletters</a></li>
</ul>
<p></p>

<p>Referencias a asociaciones del mundo del diseño y recursos en relación a diferentes temáticas. Plataformas y asociaciones. JPE * dom Jóvenes profesionales y escuelas Una plataforma de ayuda y soporte para todos los nuevos profesionales, que nos permita articular nuevos discursos en torno al diseño gráfico. COL·LEGI OFICIAL DISSENY GRÀFIC DE CATALUNYA. READ.Red Oficial de [&hellip;]</p>
