{"id":7,"date":"2013-02-13T16:46:41","date_gmt":"2013-02-13T16:46:41","guid":{"rendered":"http:\/\/multimedia.uoc.edu\/blogs\/dg\/?page_id=7"},"modified":"2025-03-06T11:11:47","modified_gmt":"2025-03-06T11:11:47","slug":"inici","status":"publish","type":"page","link":"http:\/\/multimedia.uoc.edu\/blogs\/dg\/","title":{"rendered":"Disseny Gr\u00e0fic | Fonaments del Disseny Gr\u00e0fic"},"content":{"rendered":"<p>&nbsp;<\/p>\n<p><strong>Benvinguts als recursos de l&#8217;assignatura de Disseny Gr\u00e0fic del Grau Multim\u00e8dia i de Fonaments del Disseny Gr\u00e0fic del Grau de Disseny i Creaci\u00f3 Digitals.<br \/>\n<\/strong><\/p>\n<p>Aquestes assignatures suposen el primer contacte amb l&#8217;\u00e0rea de disseny gr\u00e0fic dins d&#8217;una s\u00e8rie d&#8217;assignatures que s&#8217;ocuparan del disseny visual dels productes multim\u00e8dia.<\/p>\n<p>Disseny gr\u00e0fic i Fonaments del Disseny Gr\u00e0fic ofereixen una introducci\u00f3 a la creaci\u00f3 i al tractament d&#8217;imatges per ordinador. Presenta les bases del disseny gr\u00e0fic combinant els aspectes t\u00e8cnics, formals i conceptuals per tal de poder crear i dissenyar els elements gr\u00e0fics i visuals d&#8217;un producte o aplicaci\u00f3 multim\u00e8dia.<\/p>\n<p>L&#8217;assignatura tracta les bases del disseny gr\u00e0fic, abordant aspectes de l&#8217;\u00fas formal dels principis del disseny b\u00e0sic (composici\u00f3, color, forma) i aspectes t\u00e8cnics de la imatge digital.<\/p>\n<p>Com a q\u00fcesti\u00f3 preeminent en el m\u00f3n multim\u00e8dia, tamb\u00e9 es tractaran els sistemes de protecci\u00f3 de la propietat intel\u00b7lectual en imatges.<\/p>\n<p>Aqu\u00ed hi trobareu material complementari de l\u2019assignatura distribu\u00eft en diferents apartats per facilitar la cerca. Hi ha enlla\u00e7os a llocs webs, blocs i p\u00e0gines afins als coneixements que s\u2019expliquen en el decurs de l\u2019assignatura. Tamb\u00e9 hi ha un apartat que ens mostra l\u2019actualitat en el panorama de disseny gr\u00e0fic.<\/p>\n<p>&nbsp;<\/p>","protected":false},"excerpt":{"rendered":"<p>&nbsp; Benvinguts als recursos de l&#8217;assignatura de Disseny Gr\u00e0fic del Grau Multim\u00e8dia i de Fonaments del Disseny Gr\u00e0fic del Grau de Disseny i Creaci\u00f3 Digitals. Aquestes assignatures suposen el primer contacte amb l&#8217;\u00e0rea de disseny gr\u00e0fic dins d&#8217;una s\u00e8rie d&#8217;assignatures que s&#8217;ocuparan del disseny visual dels productes multim\u00e8dia. Disseny gr\u00e0fic i Fonaments del Disseny Gr\u00e0fic [&hellip;]<\/p>\n","protected":false},"author":8,"featured_media":1244,"parent":0,"menu_order":0,"comment_status":"closed","ping_status":"open","template":"","meta":{"footnotes":""},"tags":[],"class_list":["post-7","page","type-page","status-publish","has-post-thumbnail","hentry"],"_links":{"self":[{"href":"http:\/\/multimedia.uoc.edu\/blogs\/dg\/wp-json\/wp\/v2\/pages\/7","targetHints":{"allow":["GET"]}}],"collection":[{"href":"http:\/\/multimedia.uoc.edu\/blogs\/dg\/wp-json\/wp\/v2\/pages"}],"about":[{"href":"http:\/\/multimedia.uoc.edu\/blogs\/dg\/wp-json\/wp\/v2\/types\/page"}],"author":[{"embeddable":true,"href":"http:\/\/multimedia.uoc.edu\/blogs\/dg\/wp-json\/wp\/v2\/users\/8"}],"replies":[{"embeddable":true,"href":"http:\/\/multimedia.uoc.edu\/blogs\/dg\/wp-json\/wp\/v2\/comments?post=7"}],"version-history":[{"count":27,"href":"http:\/\/multimedia.uoc.edu\/blogs\/dg\/wp-json\/wp\/v2\/pages\/7\/revisions"}],"predecessor-version":[{"id":1248,"href":"http:\/\/multimedia.uoc.edu\/blogs\/dg\/wp-json\/wp\/v2\/pages\/7\/revisions\/1248"}],"wp:featuredmedia":[{"embeddable":true,"href":"http:\/\/multimedia.uoc.edu\/blogs\/dg\/wp-json\/wp\/v2\/media\/1244"}],"wp:attachment":[{"href":"http:\/\/multimedia.uoc.edu\/blogs\/dg\/wp-json\/wp\/v2\/media?parent=7"}],"wp:term":[{"taxonomy":"post_tag","embeddable":true,"href":"http:\/\/multimedia.uoc.edu\/blogs\/dg\/wp-json\/wp\/v2\/tags?post=7"}],"curies":[{"name":"wp","href":"https:\/\/api.w.org\/{rel}","templated":true}]}}

Disseny Gràfic | Fonaments del Disseny Gràfic

<p>&nbsp;</p>
<p><strong>Benvinguts als recursos de l&#8217;assignatura de Disseny Gràfic del Grau Multimèdia i de Fonaments del Disseny Gràfic del Grau de Disseny i Creació Digitals.<br />
</strong></p>
<p>Aquestes assignatures suposen el primer contacte amb l&#8217;àrea de disseny gràfic dins d&#8217;una sèrie d&#8217;assignatures que s&#8217;ocuparan del disseny visual dels productes multimèdia.</p>
<p>Disseny gràfic i Fonaments del Disseny Gràfic ofereixen una introducció a la creació i al tractament d&#8217;imatges per ordinador. Presenta les bases del disseny gràfic combinant els aspectes tècnics, formals i conceptuals per tal de poder crear i dissenyar els elements gràfics i visuals d&#8217;un producte o aplicació multimèdia.</p>
<p>L&#8217;assignatura tracta les bases del disseny gràfic, abordant aspectes de l&#8217;ús formal dels principis del disseny bàsic (composició, color, forma) i aspectes tècnics de la imatge digital.</p>
<p>Com a qüestió preeminent en el món multimèdia, també es tractaran els sistemes de protecció de la propietat intel·lectual en imatges.</p>
<p>Aquí hi trobareu material complementari de l’assignatura distribuït en diferents apartats per facilitar la cerca. Hi ha enllaços a llocs webs, blocs i pàgines afins als coneixements que s’expliquen en el decurs de l’assignatura. També hi ha un apartat que ens mostra l’actualitat en el panorama de disseny gràfic.</p>
<p>&nbsp;</p>

<p>&nbsp; Benvinguts als recursos de l&#8217;assignatura de Disseny Gràfic del Grau Multimèdia i de Fonaments del Disseny Gràfic del Grau de Disseny i Creació Digitals. Aquestes assignatures suposen el primer contacte amb l&#8217;àrea de disseny gràfic dins d&#8217;una sèrie d&#8217;assignatures que s&#8217;ocuparan del disseny visual dels productes multimèdia. Disseny gràfic i Fonaments del Disseny Gràfic [&hellip;]</p>
