{"id":564,"date":"2015-03-19T13:47:57","date_gmt":"2015-03-19T12:47:57","guid":{"rendered":"http:\/\/multimedia.uoc.edu\/blogs\/dii\/?page_id=564"},"modified":"2015-03-19T13:47:57","modified_gmt":"2015-03-19T12:47:57","slug":"el-redisseny-de-la-bbc-news","status":"publish","type":"page","link":"http:\/\/multimedia.uoc.edu\/blogs\/dii\/disseny\/estudis-de-cas\/el-redisseny-de-la-bbc-news\/","title":{"rendered":"El redisseny de la BBC News"},"content":{"rendered":"<p>El lloc web de la BBC News presenta un dels dissenys m\u00e9s innovadors en l&#8217;\u00e0mbit dels portals d&#8217;informaci\u00f3.<\/p>\n<p>Des del seu llan\u00e7ament el 1997 (<a href=\"http:\/\/news.bbc.co.uk\/2\/hi\/in_depth\/629\/629\/7057140.stm\" target=\"_blank\">vegeu mostres del primer disseny<\/a>), el disseny d&#8217;aquest lloc web ha evolucionat i ha passat fins a la <a href=\"http:\/\/www.bbc.co.uk\/news\/)\" target=\"_blank\">versi\u00f3 actual<\/a>\u00a0 per diferents etapes.<\/p>\n<p><a href=\"http:\/\/www.bbc.co.uk\/blogs\/bbcinternet\/2010\/07\/bbc_news_redesign_telling_the.html\" target=\"_blank\">Aquest article<\/a> explica els motius del redisseny dut a terme el 2010, i resulta especialment interessant perqu\u00e8 compara les diferents fases de disseny per les quals ha passat el lloc de la BBC News.<\/p>","protected":false},"excerpt":{"rendered":"<p>El lloc web de la BBC News presenta un dels dissenys m\u00e9s innovadors en l&#8217;\u00e0mbit dels portals d&#8217;informaci\u00f3. Des del seu llan\u00e7ament el 1997 (vegeu mostres del primer disseny), el disseny d&#8217;aquest lloc web ha evolucionat i ha passat fins a la versi\u00f3 actual\u00a0 per diferents etapes. Aquest article explica els motius del redisseny dut &hellip; <\/p>\n<p class=\"link-more\"><a href=\"http:\/\/multimedia.uoc.edu\/blogs\/dii\/disseny\/estudis-de-cas\/el-redisseny-de-la-bbc-news\/\" class=\"more-link\">Continua llegint <span class=\"screen-reader-text\">\u00abEl redisseny de la BBC News\u00bb<\/span><\/a><\/p>\n","protected":false},"author":65,"featured_media":0,"parent":562,"menu_order":0,"comment_status":"closed","ping_status":"open","template":"plantilla-pagina.php","meta":{"footnotes":""},"tags":[],"class_list":["post-564","page","type-page","status-publish","hentry","entry"],"_links":{"self":[{"href":"http:\/\/multimedia.uoc.edu\/blogs\/dii\/wp-json\/wp\/v2\/pages\/564","targetHints":{"allow":["GET"]}}],"collection":[{"href":"http:\/\/multimedia.uoc.edu\/blogs\/dii\/wp-json\/wp\/v2\/pages"}],"about":[{"href":"http:\/\/multimedia.uoc.edu\/blogs\/dii\/wp-json\/wp\/v2\/types\/page"}],"author":[{"embeddable":true,"href":"http:\/\/multimedia.uoc.edu\/blogs\/dii\/wp-json\/wp\/v2\/users\/65"}],"replies":[{"embeddable":true,"href":"http:\/\/multimedia.uoc.edu\/blogs\/dii\/wp-json\/wp\/v2\/comments?post=564"}],"version-history":[{"count":1,"href":"http:\/\/multimedia.uoc.edu\/blogs\/dii\/wp-json\/wp\/v2\/pages\/564\/revisions"}],"predecessor-version":[{"id":565,"href":"http:\/\/multimedia.uoc.edu\/blogs\/dii\/wp-json\/wp\/v2\/pages\/564\/revisions\/565"}],"up":[{"embeddable":true,"href":"http:\/\/multimedia.uoc.edu\/blogs\/dii\/wp-json\/wp\/v2\/pages\/562"}],"wp:attachment":[{"href":"http:\/\/multimedia.uoc.edu\/blogs\/dii\/wp-json\/wp\/v2\/media?parent=564"}],"wp:term":[{"taxonomy":"post_tag","embeddable":true,"href":"http:\/\/multimedia.uoc.edu\/blogs\/dii\/wp-json\/wp\/v2\/tags?post=564"}],"curies":[{"name":"wp","href":"https:\/\/api.w.org\/{rel}","templated":true}]}}