{"id":1067,"date":"2014-04-06T08:31:33","date_gmt":"2014-04-06T08:31:33","guid":{"rendered":"http:\/\/multimedia.uoc.edu\/blogs\/labeines\/?p=1067"},"modified":"2016-02-26T19:17:04","modified_gmt":"2016-02-26T19:17:04","slug":"format-svg-i-exportacio-des-de-diferents-programes","status":"publish","type":"page","link":"http:\/\/multimedia.uoc.edu\/blogs\/labeines\/introduccio\/format-svg-i-exportacio-des-de-diferents-programes\/","title":{"rendered":"Format SVG i exportaci\u00f3 des de diferents programes"},"content":{"rendered":"<p><\/p>\n<p style=\"text-align: justify\">SVG (Scalable Vector Graphics) \u00e9s un llenguatge per descriure gr\u00e0fics vectorials bidimensionals en XML. Inicialment SVG s&#8217;utilitza per definir els gr\u00e0fics basats en vectors per a la web.<\/p>\n<p style=\"text-align: justify\">Els documents SVG estan escrits en format XML amb el que podrem editar-ho amb un simple bloc de notes. T\u00e9 molts avantatges, en primer lloc no \u00e9s un format propietari per tant es pot editar amb molt\u00edssims programes, molts d&#8217;ells lliures com\u00a0<a href=\"http:\/\/inkscape.org\/\" target=\"_blank\">Inkscape<\/a>.<!--more--><\/p>\n<p style=\"text-align: justify\">A m\u00e9s permet que cada element i cada atribut dels arxius SVG es puguin animar, podem incloure codi javascript, refer\u00e8ncies a fulles d&#8217;estil en cascada i combinar-ho amb altres tecnologies com asp o php amb el que podem fer-ho servir com a substitut d&#8217;algunes tecnologies propiet\u00e0ries com Flash, tot aix\u00f2 sense necessitat que l&#8217;usuari instal\u00b7li cap aplicaci\u00f3 en el seu ordinador, ja que \u00e9s suportat per la major part dels navegadors actuals de forma nativa (<a href=\"http:\/\/caniuse.com\/svg\">http:\/\/caniuse.com\/svg<\/a>).<\/p>\n<p style=\"text-align: justify\">Finalment, SVG \u00e9s una recomanaci\u00f3 del\u00a0W3C i s&#8217;integra amb altres est\u00e0ndards del W3C com el DOM i XSL.<\/p>\n<p style=\"text-align: justify\"><b>Quan creem un document SGV, Quina versi\u00f3 hem de fer servir?<\/b><\/p>\n<p style=\"text-align: justify\">No hi ha una norma general, per\u00f2 com en qualsevol altre format, normalment \u00e9s recomanable fer servir la versi\u00f3 m\u00e9s actual, per\u00f2 hem d&#8217;anar amb compte que la versi\u00f3 que utilitzem tingui compatibilitat completa amb el dispositiu on ho anem a visualitzar. Aix\u00ed, actualment i segons la web de la W3C podem veure:<\/p>\n<p style=\"text-align: justify\"><a href=\"http:\/\/www.w3.org\/TR\/SVG11\/\"><i>SVG 1.1<\/i><\/a><i>\u00a0<\/i><i>\u00e9s una Recomanaci\u00f3 del W3C i \u00e9s la versi\u00f3 m\u00e9s recent de l&#8217;especificaci\u00f3 completa, una segona edici\u00f3 de SVG 1.1 que inclou aclariments i petites millores basades en els comentaris dels desenvolupadors es troba actualment a l&#8217;\u00faltima revisi\u00f3.<\/i><\/p>\n<p style=\"text-align: justify\"><a href=\"http:\/\/www.w3.org\/TR\/SVGTiny12\/\"><i>SVG Tiny 1.2<\/i><\/a><i>\u00a0<\/i><i>\u00e9s una Recomanaci\u00f3 del W3C, i es dirigeix als dispositius m\u00f2bils.&#8221;<\/i><\/p>\n<p style=\"text-align: justify\"><b>Algunes q\u00fcestions pr\u00e8vies quan guardem un document en format SVG<\/b><\/p>\n<p style=\"text-align: justify\">Quan anem a utilitzar el format SVG amb Illustrator haurem de tenir en compte que els degradats i altres efectes es rasteritzen,<\/p>\n<p style=\"text-align: justify\">Segons es pot veure en les recomanacions que fa Adobe Illustrator<\/p>\n<ul style=\"text-align: justify\">\n<li><i>Les malles de degradat i els objectes que utilitzen els efectes <\/i><i>Rasterizar, Art\u00edstico, Desenfocar, Trazos de pincel, Distorsionar, Pixelizar, Enfocar, Boceto, Estilizar, Textura i V\u00eddeo<\/i><i> es rasteritzen en guardar-se en format SVG. De forma similar, els estils gr\u00e0fics que inclouen aquests efectes tamb\u00e9 produeixen rasteritzat. Utilitzi els efectes de filtro SVG per afegir efectes de gr\u00e0fic sense rasteritzar.<\/i><\/li>\n<li><i>Utilitzi s\u00edmbols i simplifiqui els tra\u00e7ats de la il\u00b7lustraci\u00f3 per millorar el rendiment de SVG. Aix\u00ed mateix, eviti la utilitzaci\u00f3 de pinzells que produeixin moltes dades de tra\u00e7at, com <\/i><i>Carboncillo, Ceniza <\/i><i>i Pluma m\u00faltiple, en cas que el rendiment sigui d&#8217;alta prioritat.<\/i><\/li>\n<\/ul>\n<p style=\"text-align: justify\"><b>Com crear un arxiu SVG a Illustrator<\/b><\/p>\n<p style=\"text-align: justify\">Per crear el nostre arxiu SVG, obrirem una composici\u00f3 i treballarem amb ella com ho fem habitualment, quan acabem amb ella, farem el seg\u00fcent: a l&#8217;opci\u00f3 \u201cArchivo\u201d -&gt; \u201cGuardar como\u201d (Maj\u00fascules+Ctrl+S) en el desplegable que se&#8217;ns obre i que ens permet posar un nom i indicar la ruta on volem guardar l&#8217;arxiu, hem d&#8217;escollir al desplegable \u201ctipo\u201d l&#8217;opci\u00f3 SVG.<\/p>\n<p><a style=\"text-align: justify\" href=\"http:\/\/multimedia.uoc.edu\/blogs\/labeines\/files\/2014\/04\/Captura1.jpg\"><img loading=\"lazy\" decoding=\"async\" class=\"size-medium wp-image-1070 alignright\" src=\"http:\/\/multimedia.uoc.edu\/blogs\/labeines\/files\/2014\/04\/Captura1-300x228.jpg\" alt=\"Captura1\" width=\"300\" height=\"228\" srcset=\"http:\/\/multimedia.uoc.edu\/blogs\/labeines\/files\/2014\/04\/Captura1-300x228.jpg 300w, http:\/\/multimedia.uoc.edu\/blogs\/labeines\/files\/2014\/04\/Captura1.jpg 538w\" sizes=\"auto, (max-width: 300px) 100vw, 300px\" \/><\/a><\/p>\n<p style=\"text-align: justify\">En guardar en aquest format s&#8217;obrir\u00e0 un nou quadre de di\u00e0leg amb algunes opcions que haurem de tenir en compte.<\/p>\n<p style=\"text-align: justify\">El primer camp ens permet escollir la versi\u00f3 de SVG que volem escollir, <b>generalment farem servir SVG 1.1<\/b>. La seg\u00fcent opci\u00f3 ens permet escollir les fonts, encara que l&#8217;opci\u00f3 \u201cAdobe CEF\u201d permet veure millor les fonts petites, aquesta opci\u00f3 no \u00e9s compatible amb la major part dels visors de SVG ni amb la major part dels navegadors web, pel que aquesta opci\u00f3 l&#8217;utilitzarem nom\u00e9s quan sapiguem que el visor \u00e9s compatible, sin\u00f3, i com a regla general escollirem l&#8217;opci\u00f3 SVG. Tret que sapiguem amb seguretat que els usuaris finals tindran \u00a0instal\u00b7lades en el seu dispositiu les fonts que hem utilitzat, escollirem en subconjunt,\u00a0<b>todos los pictogramas<\/b>.<\/p>\n<p style=\"text-align: justify\">La seg\u00fcent opci\u00f3 \u00e9s bastant important (im\u00e1genes) i acostuma a portar a error de forma bastant habitual. Generalment i tret que anem a utilitzar la nostra composici\u00f3 en una web, \u00e9s interessant fer servir l&#8217;opci\u00f3 \u201cincrustar\u201d, d&#8217;aquesta manera totes les imatges utilitzades a la composici\u00f3 s&#8217;incorporen a l&#8217;arxiu, l&#8217;\u00fanic problema \u00e9s que l&#8217;arxiu augmentar\u00e0 bastant de pes si utilitzem moltes imatges de mapa de bits. Si fem servir l&#8217;opci\u00f3 \u201cenlazar\u201d hem de tenir molta cura amb les imatges i si enviem la nostra composici\u00f3 o la posem a una web, haurem d&#8217;incloure els arxius de les nostres imatges, i a m\u00e9s mantenir la ruta relativa dels mateixos. T\u00e9 l&#8217;avantatge que l&#8217;arxiu pesar\u00e0 molt menys i que a m\u00e9s podrem, si volem, canviar les imatges senzillament substituint-les on les tinguem guardades per unes altres, la qual cosa ens pot aportar opcions molt interessants a l&#8217;hora de crear, per exemple, webs din\u00e0miques.<\/p>\n<p style=\"text-align: justify\">Tenim altres opcions \u201cavanzadas&#8221; deixarem les que es troben per defecte, encara que \u00e9s recomanable que per curiositat, per veure com \u00e9s l&#8217;arxiu SVG, premem l&#8217;opci\u00f3 \u201cmostrar c\u00f3digo SVG\u201d que com el seu nom indica ens ensenyar\u00e0 com \u00e9s l&#8217;arxiu \u201cper dins\u201d.<\/p>\n<p style=\"text-align: justify\">Quan es guarden il\u00b7lustracions en format SVG, els objectes de malla es rasteritzen. A m\u00e9s, les imatges que no tinguin canal alfa es converteixen al format JPEG. Les imatges amb un canal alfa es converteixen al format PNG. Si el document cont\u00e9 diverses taules de treball i es guarda en format SVG, es conserva la taula de treball activa. Les taules de treball no es poden guardar com a arxius SVG independents.<\/p>\n<p style=\"text-align: justify\">M\u00e9s informaci\u00f3 a la web d&#8217;Adobe<\/p>\n<p style=\"text-align: justify\"><a href=\"http:\/\/help.adobe.com\/es_ES\/illustrator\/cs\/using\/WS714a382cdf7d304e7e07d0100196cbc5f-6561a.html#WS714a382cdf7d304e7e07d0100196cbc5f-655ba\">http:\/\/help.adobe.com\/es_ES\/illustrator\/cs\/using\/WS714a382cdf7d304e7e07d0100196cbc5f-6561a.html#WS714a382cdf7d304e7e07d0100196cbc5f-655ba<\/a><\/p>\n<p style=\"text-align: justify\"><b>Guardar un arxiu SVG amb Inkscape <\/b><\/p>\n<p style=\"text-align: justify\">Inkscape utilitza SVG com a format natiu per guardar els seus documents, encara que ens permetr\u00e0 quan ho guardem escollir entre diversos formats de SVG<\/p>\n<ul style=\"text-align: justify\">\n<li>SVG de Inkscape, \u00e9s una variaci\u00f3 del format est\u00e0ndard nom\u00e9s que amb uns pocs comandos addicionals. Si anem a editar un document svg lnkscape en qualsevol altre editor de SVG o volem visualitzar-ho mitjan\u00e7ant un navegador web, \u00e9s molt recomanable no utilitzar aquest format, ja que generalmentno \u00e9s compatible.<\/li>\n<li>SVG Plano. \u00c9s un format d&#8217;arxiu d&#8217;Inkscape fet per a la compatibilitat entre els programes de dibuix SVG, i que elimina tota la informaci\u00f3 relacionada amb el programa que no t\u00e9 cap utilitat.<\/li>\n<li>Finalment tenim l&#8217;opci\u00f3 de SVG optimizado que ens obrir\u00e0 un quadre de di\u00e0leg que ens permet escollir algunes opcions de configuraci\u00f3 com la de decidir si volem incrustar o no, les nostres imatges.<\/li>\n<\/ul>\n<p style=\"text-align: justify\">Una altra entrada relacionada de l&#8217;espai de recursos de la UOC<\/p>\n<ul style=\"text-align: justify\">\n<li><a href=\"http:\/\/multimedia.uoc.edu\/blogs\/labeines\/es\/software\/illustrator\/exportacio-de-grafics-a-diferents-formats\/\">http:\/\/multimedia.uoc.edu\/blogs\/labeines\/es\/software\/illustrator\/exportacio-de-grafics-a-diferents-formats\/<\/a><\/li>\n<\/ul>\n<p style=\"text-align: justify\">Web oficial de l&#8217;est\u00e0ndard\u00a0W3C<\/p>\n<ul style=\"text-align: justify\">\n<li><a href=\"http:\/\/www.w3.org\/Graphics\/SVG\">http:\/\/www.w3.org\/Graphics\/SVG<\/a><\/li>\n<\/ul>\n<p style=\"text-align: justify\">Altres enlla\u00e7os d&#8217;inter\u00e8s<\/p>\n<ul>\n<li style=\"text-align: justify\"><a href=\"http:\/\/www.joshuawinn.com\/svg-export-settings-for-the-web-with-adobe-illustrator\/\">http:\/\/www.joshuawinn.com\/svg-export-settings-for-the-web-with-adobe-illustrator\/<\/a><\/li>\n<li style=\"text-align: justify\"><a href=\"http:\/\/minid.net\/2012\/10\/26\/descubre-el-fabuloso-mundo-de-svg\/\">http:\/\/minid.net\/2012\/10\/26\/descubre-el-fabuloso-mundo-de-svg\/<\/a><\/li>\n<li style=\"text-align: justify\"><a href=\"http:\/\/creativedroplets.com\/export-svg-for-the-web-with-illustrator-cc\/\">http:\/\/creativedroplets.com\/export-svg-for-the-web-with-illustrator-cc\/<\/a><\/li>\n<\/ul>\n<p><\/p>","protected":false},"excerpt":{"rendered":"<p>SVG (Scalable Vector Graphics)\u00e9s un llenguatge per descriure gr\u00e0fics vectorials bidimensionals en XML. Inicialment SVG s&#8217;utilitza per definir els gr\u00e0fics basats en vectors per a la web.<\/p>\n<p>Els documents SVG estan escrits enformat XML amb el que podrem editar-ho amb un simple bloc de notes. T\u00e9 molts avantatges, en primer lloc no \u00e9s un format propietari per tant es pot editar amb molt\u00edssims programes, molts d&#8217;ells lliures comInkscape.<\/p>\n<p>A m\u00e9s permet que cada element i cada atribut dels arxius SVG es puguin animar, podem incloure codi javascript, refer\u00e8ncies a fulles d&#8217;estil en cascada i combinar-ho amb altres tecnologies com asp o php amb el que podem fer-ho servir com a substitut d&#8217;algunes tecnologies propiet\u00e0ries com Flash &#8230;.<\/p>\n","protected":false},"author":58,"featured_media":0,"parent":1126,"menu_order":0,"comment_status":"closed","ping_status":"closed","template":"plantilla-pagina.php","meta":{"footnotes":""},"tags":[18],"class_list":["post-1067","page","type-page","status-publish","hentry","tag-inkscape","entry"],"_links":{"self":[{"href":"http:\/\/multimedia.uoc.edu\/blogs\/labeines\/wp-json\/wp\/v2\/pages\/1067","targetHints":{"allow":["GET"]}}],"collection":[{"href":"http:\/\/multimedia.uoc.edu\/blogs\/labeines\/wp-json\/wp\/v2\/pages"}],"about":[{"href":"http:\/\/multimedia.uoc.edu\/blogs\/labeines\/wp-json\/wp\/v2\/types\/page"}],"author":[{"embeddable":true,"href":"http:\/\/multimedia.uoc.edu\/blogs\/labeines\/wp-json\/wp\/v2\/users\/58"}],"replies":[{"embeddable":true,"href":"http:\/\/multimedia.uoc.edu\/blogs\/labeines\/wp-json\/wp\/v2\/comments?post=1067"}],"version-history":[{"count":11,"href":"http:\/\/multimedia.uoc.edu\/blogs\/labeines\/wp-json\/wp\/v2\/pages\/1067\/revisions"}],"predecessor-version":[{"id":1416,"href":"http:\/\/multimedia.uoc.edu\/blogs\/labeines\/wp-json\/wp\/v2\/pages\/1067\/revisions\/1416"}],"up":[{"embeddable":true,"href":"http:\/\/multimedia.uoc.edu\/blogs\/labeines\/wp-json\/wp\/v2\/pages\/1126"}],"wp:attachment":[{"href":"http:\/\/multimedia.uoc.edu\/blogs\/labeines\/wp-json\/wp\/v2\/media?parent=1067"}],"wp:term":[{"taxonomy":"post_tag","embeddable":true,"href":"http:\/\/multimedia.uoc.edu\/blogs\/labeines\/wp-json\/wp\/v2\/tags?post=1067"}],"curies":[{"name":"wp","href":"https:\/\/api.w.org\/{rel}","templated":true}]}}