{"id":4,"date":"2015-10-27T15:35:36","date_gmt":"2015-10-27T15:35:36","guid":{"rendered":"http:\/\/multimedia.uoc.edu\/blogs\/tfgcreativitat\/?page_id=4"},"modified":"2018-06-23T20:42:54","modified_gmt":"2018-06-23T20:42:54","slug":"inicio","status":"publish","type":"page","link":"http:\/\/multimedia.uoc.edu\/blogs\/tfgcreativitat\/","title":{"rendered":"Inicio"},"content":{"rendered":"<p><img loading=\"lazy\" decoding=\"async\" src=\"http:\/\/multimedia.uoc.edu\/blogs\/tfgcreativitat\/files\/2018\/05\/tfm-01.jpg\" alt=\"\" width=\"602\" height=\"238\" class=\"alignnone size-full wp-image-182\" \/><br \/>\nBienvenidos al Blog de TFG (Trabajo Fin de Grado) de las asignaturas <strong>Creaci\u00f3n Gr\u00e1fica<\/strong> y <strong>Comunicaci\u00f3n y Cultura digital<\/strong> del \u00e1rea Multimedia de la UOC.<\/p>\n<p>Estas asignaturas est\u00e1n pensadas para realizar un trabajo de s\u00edntesis de los conocimientos adquiridos en otras asignaturas del grado y que requiera ponerlos en pr\u00e1ctica de forma integral en un trabajo concreto.<\/p>\n<p>En este blog encontrar\u00e9is material complementario de estas asignaturas distribuido en diferentes apartados para facilitar la b\u00fasqueda.<\/p>\n<p>En el apartado <a href=\"http:\/\/multimedia.uoc.edu\/blogs\/tfgcreativitat\/comunicacion-y-cultura-digital\/\"><strong>Comunicaci\u00f3n y cultura digital<\/strong><\/a> existen enlaces a iniciativas, proyectos de investigaci\u00f3n y programas relacionados con la comunicaci\u00f3n y cultura digital. Dentro de <strong>Creaci\u00f3n gr\u00e1fica<\/strong> encontrar\u00e9is contenidos relacionados con la <strong><a href=\"http:\/\/multimedia.uoc.edu\/blogs\/tfgcreativitat\/creacion-grafica\/usabilidad\/\">Usabilidad<\/a><\/strong> y la <strong><a href=\"http:\/\/multimedia.uoc.edu\/blogs\/tfgcreativitat\/creacion-grafica\/ux-experiencia-de-usuario\/\">Experiencia de usuario UX<\/a><\/strong>.<\/p>\n<p>En el \u00e1rea de <strong>Recursos TFG<\/strong> hay enlaces a sitios webs, blogs y p\u00e1ginas con referencias afines a los conocimientos que se explican en el transcurso de la asignatura.<\/p>\n<p style=\"padding-left: 30px\"><strong><a href=\"http:\/\/multimedia.uoc.edu\/blogs\/tfgcreativitat\/recursos-tfg\/disen%cc%83o-grafico-de-marca-interfaces-y-web\/\">Dise\u00f1o gr\u00e1fico, de marca, interfaces y web<\/a><\/strong> recoge enlaces con informaci\u00f3n de utilidad en el proceso de creaci\u00f3n de identidad gr\u00e1fica y desarrollo de elementos web y multimedia.<\/p>\n<p style=\"padding-left: 30px\"><strong><a href=\"http:\/\/multimedia.uoc.edu\/blogs\/tfgcreativitat\/recursos-tfg\/planificacion-desarrollo-y-programacion-front-end-back-end\/\">Planificaci\u00f3n, desarrollo y programaci\u00f3n<\/a><\/strong> es un \u00e1rea de recursos espec\u00edficos centrados en el lenguaje y tecnolog\u00edas que son necesarias para el desarrollo de aplicaciones web y multimedia<\/p>\n<p style=\"padding-left: 30px\">Tambi\u00e9n hay un apartado que nos muestra enlaces a <a href=\"http:\/\/multimedia.uoc.edu\/blogs\/tfgcreativitat\/recursos-tfg\/medios-de-comunicacion-formacion-y-publicaciones-especializadas\/\"><strong>Medios de comunicaci\u00f3n, formaci\u00f3n y publicaciones especializadas<\/strong><\/a> de actualidad en el mundo de la creaci\u00f3n gr\u00e1fica, comunicaci\u00f3n y cultura digital.<\/p>\n<p style=\"padding-left: 30px\"><a href=\"http:\/\/multimedia.uoc.edu\/blogs\/tfgcreativitat\/premios\/\"><strong>Premios<\/strong><\/a> sera una secci\u00f3n que recoger\u00e1 premios y concursos que est\u00e1n ligados al area de este grado<\/p>\n<p><\/p>","protected":false},"excerpt":{"rendered":"<p>Bienvenidos al Blog de TFG (Trabajo Fin de Grado) de las asignaturas Creaci\u00f3n Gr\u00e1fica y Comunicaci\u00f3n y Cultura digital del \u00e1rea Multimedia de la UOC. Estas asignaturas est\u00e1n pensadas para realizar un trabajo de s\u00edntesis de los conocimientos adquiridos en otras asignaturas del grado y que requiera ponerlos en pr\u00e1ctica de forma integral en un &hellip; <\/p>\n<p class=\"link-more\"><a href=\"http:\/\/multimedia.uoc.edu\/blogs\/tfgcreativitat\/\" class=\"more-link\">Seguir leyendo<span class=\"screen-reader-text\"> \u00abInicio\u00bb<\/span><\/a><\/p>\n","protected":false},"author":42,"featured_media":0,"parent":0,"menu_order":0,"comment_status":"closed","ping_status":"closed","template":"","meta":{"footnotes":""},"tags":[],"class_list":["post-4","page","type-page","status-publish","hentry","entry"],"_links":{"self":[{"href":"http:\/\/multimedia.uoc.edu\/blogs\/tfgcreativitat\/wp-json\/wp\/v2\/pages\/4","targetHints":{"allow":["GET"]}}],"collection":[{"href":"http:\/\/multimedia.uoc.edu\/blogs\/tfgcreativitat\/wp-json\/wp\/v2\/pages"}],"about":[{"href":"http:\/\/multimedia.uoc.edu\/blogs\/tfgcreativitat\/wp-json\/wp\/v2\/types\/page"}],"author":[{"embeddable":true,"href":"http:\/\/multimedia.uoc.edu\/blogs\/tfgcreativitat\/wp-json\/wp\/v2\/users\/42"}],"replies":[{"embeddable":true,"href":"http:\/\/multimedia.uoc.edu\/blogs\/tfgcreativitat\/wp-json\/wp\/v2\/comments?post=4"}],"version-history":[{"count":16,"href":"http:\/\/multimedia.uoc.edu\/blogs\/tfgcreativitat\/wp-json\/wp\/v2\/pages\/4\/revisions"}],"predecessor-version":[{"id":218,"href":"http:\/\/multimedia.uoc.edu\/blogs\/tfgcreativitat\/wp-json\/wp\/v2\/pages\/4\/revisions\/218"}],"wp:attachment":[{"href":"http:\/\/multimedia.uoc.edu\/blogs\/tfgcreativitat\/wp-json\/wp\/v2\/media?parent=4"}],"wp:term":[{"taxonomy":"post_tag","embeddable":true,"href":"http:\/\/multimedia.uoc.edu\/blogs\/tfgcreativitat\/wp-json\/wp\/v2\/tags?post=4"}],"curies":[{"name":"wp","href":"https:\/\/api.w.org\/{rel}","templated":true}]}}