{"id":729,"date":"2014-03-13T15:00:51","date_gmt":"2014-03-13T15:00:51","guid":{"rendered":"http:\/\/multimedia.uoc.edu\/blogs\/transmedia\/?page_id=729"},"modified":"2014-03-13T16:57:13","modified_gmt":"2014-03-13T16:57:13","slug":"inici","status":"publish","type":"page","link":"http:\/\/multimedia.uoc.edu\/blogs\/transmedia\/","title":{"rendered":"Inici"},"content":{"rendered":"<p>Aquest blog forma part de les assignatures de<strong> V\u00eddeo, Fotografia digital, Composici\u00f3 digital, Animaci\u00f3 <\/strong>i<strong> Animaci\u00f3 3D<\/strong> del <strong>Grau de Multim\u00e8dia<\/strong> i del <strong>Seminari de Recerca<\/strong> del <strong>M\u00e0ster d&#8217;Aplicacions Multim\u00e8dia<\/strong>. La producci\u00f3 audiovisual actual no es pot entendre sense la realitat de les xarxes socials, clarament transmedi\u00e0tica. A les entrades del blog anirem publicant entrades que tracten els medis audiovisuals en relaci\u00f3 a la narrativa transm\u00e8dia.<\/p>","protected":false},"excerpt":{"rendered":"<p>Aquest blog forma part de les assignatures de V\u00eddeo, Fotografia digital, Composici\u00f3 digital, Animaci\u00f3 i Animaci\u00f3 3D del Grau de Multim\u00e8dia i del Seminari de Recerca del M\u00e0ster d&#8217;Aplicacions Multim\u00e8dia. La producci\u00f3 audiovisual actual no es pot entendre sense la realitat de les xarxes socials, clarament transmedi\u00e0tica. A les entrades del blog anirem publicant entrades &hellip; <\/p>\n<p class=\"link-more\"><a href=\"http:\/\/multimedia.uoc.edu\/blogs\/transmedia\/\" class=\"more-link\">Continua llegint <span class=\"screen-reader-text\">\u00abInici\u00bb<\/span><\/a><\/p>\n","protected":false},"author":4,"featured_media":0,"parent":0,"menu_order":0,"comment_status":"open","ping_status":"open","template":"","meta":{"footnotes":""},"tags":[],"class_list":["post-729","page","type-page","status-publish","hentry","entry"],"_links":{"self":[{"href":"http:\/\/multimedia.uoc.edu\/blogs\/transmedia\/wp-json\/wp\/v2\/pages\/729","targetHints":{"allow":["GET"]}}],"collection":[{"href":"http:\/\/multimedia.uoc.edu\/blogs\/transmedia\/wp-json\/wp\/v2\/pages"}],"about":[{"href":"http:\/\/multimedia.uoc.edu\/blogs\/transmedia\/wp-json\/wp\/v2\/types\/page"}],"author":[{"embeddable":true,"href":"http:\/\/multimedia.uoc.edu\/blogs\/transmedia\/wp-json\/wp\/v2\/users\/4"}],"replies":[{"embeddable":true,"href":"http:\/\/multimedia.uoc.edu\/blogs\/transmedia\/wp-json\/wp\/v2\/comments?post=729"}],"version-history":[{"count":5,"href":"http:\/\/multimedia.uoc.edu\/blogs\/transmedia\/wp-json\/wp\/v2\/pages\/729\/revisions"}],"predecessor-version":[{"id":739,"href":"http:\/\/multimedia.uoc.edu\/blogs\/transmedia\/wp-json\/wp\/v2\/pages\/729\/revisions\/739"}],"wp:attachment":[{"href":"http:\/\/multimedia.uoc.edu\/blogs\/transmedia\/wp-json\/wp\/v2\/media?parent=729"}],"wp:term":[{"taxonomy":"post_tag","embeddable":true,"href":"http:\/\/multimedia.uoc.edu\/blogs\/transmedia\/wp-json\/wp\/v2\/tags?post=729"}],"curies":[{"name":"wp","href":"https:\/\/api.w.org\/{rel}","templated":true}]}}